t is the greatest common divisor of 3908004 and 48?
12
What is the highest common divisor of 188913720 and 16?
8
Calculate the highest common divisor of 94362104 and 2879.
2879
What is the greatest common factor of 75842547 and 24855?
4971
What is the highest common factor of 25280 and 32602510?
790
Calculate the greatest common factor of 7567890 and 51262.
2698
What is the greatest common divisor of 1467331 and 129559?
3013
What is the greatest common factor of 17678111 and 7788?
649
Calculate the highest common divisor of 7923 and 101745.
57
What is the highest common divisor of 297 and 7091145?
27
What is the highest common divisor of 41 and 6848927?
41
What is the highest common factor of 22543491 and 2802?
1401
Calculate the highest common divisor of 203399690 and 27560.
6890
Calculate the highest common factor of 2702470 and 35510.
530
Calculate the greatest common divisor of 8830 and 14420.
10
What is the highest common factor of 468 and 10226372?
52
What is the highest common divisor of 4724 and 16648?
4
Calculate the greatest common divisor of 195 and 58647810.
195
Calculate the highest common divisor of 8246479 and 34.
17
What is the highest common factor of 10715314 and 6?
2
Calculate the greatest common factor of 2020064 and 7744.
32
What is the highest common divisor of 78 and 2638416846?
78
Calculate the greatest common factor of 2677610 and 780.
130
What is the greatest common divisor of 9 and 990621?
9
Calculate the greatest common divisor of 3291981 and 1914.
33
Calculate the greatest common divisor of 2794 and 19953732.
254
Calculate the highest common factor of 26559 and 86714.
227
Calculate the greatest common divisor of 75281 and 951443.
907
Calculate the greatest common divisor of 28843848 and 4266.
1422
Calculate the greatest common factor of 13 and 36141599.
13
Calculate the highest common divisor of 288 and 124708448.
32
What is the highest common factor of 222 and 281958574?
74
What is the highest common divisor of 648886 and 854?
14
What is the highest common factor of 10665000 and 3125?
625
What is the greatest common divisor of 15065 and 11213731?
131
Calculate the greatest common factor of 110 and 2270460.
10
What is the greatest common factor of 152 and 771304?
8
What is the greatest common divisor of 57652285 and 47345?
2785
Calculate the highest common divisor of 8499201 and 1734.
867
What is the highest common divisor of 748 and 98810426?
374
What is the highest common factor of 10871 and 293471963?
1553
What is the greatest common divisor of 78816 and 106569084?
9852
Calculate the highest common divisor of 41337 and 22005.
27
What is the greatest common factor of 2071 and 64845299?
109
Calculate the greatest common divisor of 559493 and 50787.
209
Calculate the greatest common factor of 189668 and 364.
4
What is the highest common divisor of 5554588 and 740?
148
Calculate the greatest common factor of 4 and 218624452.
4
Calculate the highest common factor of 13061323 and 67859.
341
What is the highest common factor of 795716 and 48?
4
Calculate the highest common factor of 566 and 23478529.
283
What is the highest common factor of 675927 and 441?
63
Calculate the greatest common divisor of 20922847 and 1771.
253
Calculate the greatest common divisor of 15 and 61648815.
15
Calculate the greatest common factor of 6294301 and 117572.
4199
What is the greatest common factor of 17514846 and 11286?
1026
What is the greatest common divisor of 4346 and 488146?
82
What is the highest common divisor of 562959 and 1123275?
2643
Calculate the highest common factor of 503775 and 387347.
2239
Calculate the highest common divisor of 1117740 and 15.
15
What is the highest common divisor of 10185 and 4000710?
105
Calculate the greatest common factor of 506039 and 2294371.
4913
Calculate the greatest common factor of 536 and 373391.
67
Calculate the highest common factor of 419391309 and 4335.
867
What is the greatest common factor of 962668460 and 260?
260
What is the highest common divisor of 12068 and 114944683?
3017
Calculate the greatest common factor of 19156845 and 380.
95
Calculate the greatest common divisor of 1628 and 10494396.
44
What is the greatest common divisor of 298779 and 10647?
39
What is the highest common factor of 119242113 and 87?
87
What is the highest common divisor of 49191183 and 50439?
2193
What is the highest common divisor of 520480170 and 4515?
4515
Calculate the greatest common factor of 180809835 and 2355.
2355
Calculate the greatest common factor of 1939902 and 645.
129
Calculate the highest common factor of 42125 and 58374803.
337
What is the greatest common divisor of 11767 and 183967?
287
Calculate the highest common factor of 591224354 and 9002.
9002
Calculate the greatest common divisor of 247252389 and 555.
111
Calculate the greatest common divisor of 62545185 and 45.
45
Calculate the greatest common factor of 61555022 and 3116.
1558
What is the highest common factor of 82224882 and 3670?
734
What is the greatest common factor of 20962 and 690336?
94
Calculate the greatest common divisor of 275252185 and 1105.
1105
Calculate the greatest common divisor of 30258 and 33273.
9
What is the greatest common divisor of 1494 and 15798?
6
What is the greatest common divisor of 78552067 and 44?
11
What is the greatest common factor of 59169 and 409827?
363
Calculate the greatest common factor of 326 and 1019102406.
326
Calculate the highest common factor of 10 and 25628875.
5
What is the highest common divisor of 435 and 11904945?
15
What is the greatest common factor of 62 and 1802597?
1
Calculate the greatest common factor of 2905656 and 682864.
6968
Calculate the greatest common divisor of 9855 and 7957.
73
What is the highest common factor of 10930655 and 1095?
365
Calculate the highest common divisor of 65043 and 6015735.
297
Calculate the greatest common divisor of 17 and 14910547.
17
What is the highest common divisor of 2120410 and 1258?
34
Calculate the highest common factor of 1876 and 174847421.
469
What is the highest common factor of 2475 and 26368155?
495
Calculate the greatest common factor of 35772 and 221892.
132
Calculate the greatest common divisor of 148089111 and 207.
69
What is the greatest common divisor of 12593 and 7677361?
257
What is the greatest common factor of 3675 and 1948975?
1225
What is the greatest common factor of 6369003 and 6588?
27
Calculate the highest common divisor of 26400 and 4849680.
2640
What is the highest common divisor of 1513974 and 22272?
174
Calculate the greatest common divisor of 2078402 and 46547.
523
Calculate the greatest common divisor of 590 and 3179215.
295
What is the highest common divisor of 2918930 and 5474?
322
Calculate the greatest common factor of 243 and 12297465.
9
What is the highest common divisor of 21 and 296239881?
21
What is the greatest common divisor of 1265 and 25266285?
55
What is the highest common divisor of 719918 and 2239067?
6101
Calculate the greatest common factor of 98159871 and 228.
57
Calculate the greatest common divisor of 332973015 and 62.
31
Calculate the highest common divisor of 393558 and 2389354.
1474
Calculate the highest common divisor of 368196 and 4653756.
6036
What is the highest common factor of 112 and 224360352?
16
What is the highest common factor of 49593 and 765033?
813
Calculate the highest common divisor of 89155 and 35915.
55
What is the highest common factor of 198978888 and 368?
184
Calculate the greatest common factor of 91404 and 307716.
12
Calculate the highest common divisor of 954 and 2135286.
18
Calculate the highest common factor of 20685 and 1902429.
591
What is the greatest common factor of 2812 and 13522945?
37
What is the highest common divisor of 224690 and 1915?
5
What is the highest common factor of 140 and 65310035?
35
What is the greatest common factor of 144378 and 3146?
26
Calculate the highest common divisor of 300395 and 205.
5
Calculate the highest common factor of 10523 and 240791.
619
What is the greatest common divisor of 31350 and 1866975?
825
What is the greatest common factor of 1067748452 and 326?
326
What is the highest common divisor of 45850904 and 2992?
1496
Calculate the greatest common divisor of 751509 and 253.
11
Calculate the greatest common f